t is the units digit of 24/f*-1 - -2?
6
Let g(i) = -7*i**3 + 21*i**2 + 10. What is the units digit of g(-3)?
8
Let f = 67 - 41. Let a = f - 23. Suppose l + 0*l - 60 = -4*t, 4*t + 164 = a*l. What is the units digit of l?
6
Let v = -35 + 24. Let q = -8 - v. What is the units digit of (q/(-6))/(1/(-20))?
0
Let t(u) = -u**3 + 21*u**2 - 57*u + 12. What is the hundreds digit of t(12)?
6
Let m(k) = 7*k + 2. Let c(z) be the second derivative of z**3/6 + z**2/2 - 4*z. Let u(f) = -3*c(f) + m(f). What is the tens digit of u(9)?
3
Let x be (-102)/(-2 - (4 + -5)). Let h = x - 55. What is the units digit of h?
7
Let u = -382 + 886. What is the tens digit of u?
0
Let b be ((-1)/((-1)/164))/2. Suppose 2*l + 4*q - 23 = -q, b = 4*l - 2*q. What is the units digit of l?
9
Suppose -5*f = -4*a - 0*f + 56, 0 = 5*f. Suppose 0 = l - 17 + a. Suppose -6 - 6 = -l*g. What is the units digit of g?
4
Let t(a) = a**3 + 11*a**2 - 12*a - 13. What is the units digit of t(6)?
7
Let n(a) = 3*a**2 - 3. Let c(r) = -r + 7. Let l be c(-8). Let d be ((-20)/l)/((-1)/3). What is the units digit of n(d)?
5
Let d(g) be the first derivative of g**3/3 + 11*g**2/2 - 15*g + 4. What is the tens digit of d(-14)?
2
Let m(l) = 21*l**2 - 26*l + 22. What is the thousands digit of m(9)?
1
Suppose 2*i = -i - 2*z + 994, 0 = i - 2*z - 342. What is the hundreds digit of i?
3
Let c(i) = i**2 + 5*i + 15. Let u be c(-5). Let m(g) = 15*g - 32. What is the hundreds digit of m(u)?
1
Suppose 0 = -9*z + 7260 + 2910. What is the tens digit of z?
3
Let v(r) = 2*r**2 + 3*r + 6. Suppose -3*t + 4 = -x + 6, 3*t = -x + 8. What is the tens digit of v(x)?
7
What is the hundreds digit of (1661/44)/((-26)/(-24) + -1)?
4
Let y be (544/(-10))/(0 - 2/10). Suppose -3*t + t = b - 120, -2*b = -4*t - y. What is the tens digit of b?
2
Let v(u) = -2*u**3 - 11*u**2 - 8*u - 8. Let r be v(-7). Suppose r + 29 = 7*l. What is the tens digit of l?
3
Suppose 3*w - 8 = -2*u + 8, -11 = -3*w - u. Let d = w + 0. Suppose 3*x - 90 = -m - d*m, -4*m + 146 = 5*x. What is the units digit of x?
6
Let u be 10/25 - 52/5. What is the units digit of (-1450)/25*u/4?
5
Let j(r) = -r**2 - 7*r. Let t be j(-7). Suppose -5*d = 5*p, -5*d + 9 = -t*d + 2*p. Suppose -d*k = k - 112. What is the tens digit of k?
2
Let i be (-1)/2 - (-7)/(-2). Let a(z) be the first derivative of -z**3/3 - 3*z**2 - 4*z - 13. What is the units digit of a(i)?
4
Suppose 0 = 3*j + 4*d - 0*d - 2390, 1596 = 2*j + 2*d. What is the hundreds digit of j?
8
Suppose 2319 + 4211 = 10*r. What is the hundreds digit of r?
6
Suppose -2*q - 2 + 22 = 2*t, -2*t - 5*q + 26 = 0. Suppose r + r = -t. What is the units digit of r/((-16)/44) + -2?
9
Suppose -2054 - 2046 = -41*t. What is the tens digit of t?
0
Suppose -2*f - 16 = 2*f, -5*q + 4*f = -1331. What is the tens digit of q?
6
Let g(s) = -3*s + 17. Let p be g(4). Suppose -5*o = 2*n - 562, -o = -4*o - p*n + 341. What is the hundreds digit of o?
1
Let t = -1046 - -2389. What is the units digit of t?
3
Let s(l) = 10*l**3 - 2*l**2 - l + 2. Let d be s(1). Let v = d - -80. What is the tens digit of v?
8
Let v(z) = -z**2 + 11*z - 7. Let l be v(5). Let h be (l/(-1))/(5 + -6). Suppose i + 3 - h = 0. What is the units digit of i?
0
Let w be ((-12)/21)/((-12)/42). Suppose -53 - w = -a. What is the tens digit of a?
5
Let t = 26 + -126. Let y = -60 - t. What is the units digit of (4 - -1)*16/y?
2
Let g(x) = 17*x**2 - 30*x - 1. What is the units digit of g(10)?
9
Suppose -14 = -2*c - 22. What is the units digit of c/14 + (-1716)/(-28)?
1
Suppose p + 790 = 6502. What is the hundreds digit of p?
7
Let d(l) = l**3 - 15*l**2 + 13*l + 18. Suppose 0 = -5*n + 226 + 129. Suppose 27 = 7*a - n. What is the units digit of d(a)?
4
Let u = -115 + 374. What is the hundreds digit of u?
2
What is the hundreds digit of (-20)/(-16)*-4*(-1 + -40)?
2
Suppose -h + 139562 = 30*h. What is the tens digit of h?
0
Let b = 319 - -144. What is the tens digit of b?
6
Suppose 2 = -2*q + 3*q. Suppose -i - 3*i + 2*z - 8 = 0, -i - q = -2*z. What is the tens digit of 2 + i - -28 - 3?
2
Let r(l) = -l**2 + 11*l - 9. Let y be r(9). Let d(t) = -t**3 + 10*t**2 - 6*t - 6. What is the tens digit of d(y)?
2
Let l(u) = 24*u - u**2 + 0 - 5 - 35*u - 2. Let c be 2*(36/(-8) - 0). What is the tens digit of l(c)?
1
Suppose 4*a = h + 4 - 1, 6 = 4*a - 2*h. Let z(d) = d**3 - 6*d**2 - 5*d + 2. Let y be z(7). Suppose -4*p + 64 + y = a. What is the tens digit of p?
2
Let k(l) = -2*l**3 - 4*l**2 - l - 2. Let s be 1 + (-2 - 0) + 5. Suppose s*f - 12 = 0, 2*h - 4*f + 21 = f. What is the tens digit of k(h)?
1
Let z = -61 - -62. Let c(s) = 143*s**3 - s**2 - 2*s + 3. What is the tens digit of c(z)?
4
Let q = -2005 - -3375. What is the tens digit of q?
7
Let u = -191 - -192. What is the units digit of u?
1
Let i(s) = -s**2 - 7*s + 11. Let f be i(-8). Suppose f*t - 253 = -5*y - 93, 0 = -2*y - 4*t + 50. Suppose -y = -5*r + 65. What is the tens digit of r?
2
Suppose -114 = 3*z - 129. What is the units digit of z?
5
Suppose 3*v = 12 - 0. Suppose -2*x - x + 15 = -3*y, v*y + 13 = -3*x. What is the tens digit of y/14 - 1860/(-42)?
4
Suppose 0 = -35*u + 31*u + 10032. What is the units digit of u?
8
Let d(s) = 21*s**2 + 8*s - 3. What is the units digit of d(3)?
0
Let x(b) = b**2 + 5 - b - 3*b - 3 - 7*b. Let j be x(9). Let m = j - -18. What is the units digit of m?
2
What is the tens digit of (13 - 11)*379/2?
7
Let r(f) = 13*f**2 - f + 30. What is the thousands digit of r(9)?
1
Let m(g) = 10*g. Let p = -6 - -8. Suppose -4*b = p*r + 6 - 28, -2*b - 5*r + 7 = 0. What is the tens digit of m(b)?
6
Let y = -8 + 10. Let s(b) be the third derivative of b**6/120 + b**5/30 + b**4/24 - b**3/6 + 2*b**2. What is the units digit of s(y)?
7
Suppose 4*b - 56 - 24 = 0. What is the units digit of (-54)/15*b/(-6)?
2
Let a(c) = 43*c**2 + 12*c + 124. What is the tens digit of a(-7)?
4
What is the units digit of (8/7)/((-8)/(-17948))?
4
Let g = 5 + 15. Suppose -5*f + g = w + 5, 2*f + 45 = 3*w. What is the tens digit of w?
1
Let z be (2 + 0)/((-2)/4). Let v(d) = -d**3 - d**2 + d. What is the units digit of v(z)?
4
Let o = 24 - 39. Let x(k) = -k**2 - 3*k + 1. Let s be x(5). Let h = o - s. What is the tens digit of h?
2
Suppose 5*c = 5*v + 45, -1 = -4*c - 2*v - v. Suppose -5*h + 206 = 4*z, -h + 3*z = 3*h - 171. Let l = h - c. What is the units digit of l?
8
Let i = -7 - -23. Let h = -13 + i. Suppose -l + 72 = h*l. What is the tens digit of l?
1
What is the tens digit of 320/(-400) - ((-4418)/10 - 2)?
4
Suppose -4*q - 5*f = -2676, -2*f - 3312 = -71*q + 66*q. What is the units digit of q?
4
Let v(w) = -w**3 - 11*w**2 - 12*w - 19. Let k be v(-10). What is the units digit of (k - 3)/((2/(-11))/2)?
2
Suppose -10*n + 553 = -3027. What is the tens digit of n?
5
Let d(s) = -2*s**2 - 7*s - 28. Let l(b) = 3*b**2 + 6*b + 27. Let f(g) = 4*d(g) + 5*l(g). What is the units digit of f(-5)?
8
Let z = 785 - 337. What is the units digit of z?
8
Suppose 4*r - 731 = -235. Let g = -26 + r. What is the tens digit of g?
9
Let q be 2/5 + (-96)/15. What is the units digit of (q/5)/((-78)/5720)?
8
Let q(k) = -k**2 - k + 8. Let i be q(-5). Let h be ((-104)/i)/((-2)/12). Let b = -30 - h. What is the tens digit of b?
2
What is the hundreds digit of ((-1568)/(-12))/(70/15 + -4)?
1
Let k(r) be the second derivative of -r**3/2 + 2*r**2 + 12*r + 1. Let l(p) = -2*p - 1. Let s be l(4). What is the units digit of k(s)?
1
Let y = -692 + 1530. What is the units digit of y?
8
Suppose -c + 19 = 3*w, 4*w - 6 = -2*c + 20. Suppose 13*l - 49 = w*l. What is the units digit of l?
7
Suppose 0 = 6*z - 10*z + 32. Suppose z*o - 501 = -149. What is the tens digit of o?
4
Let c(b) = -b**3 + 6*b**2 + 9*b + 7. Let n be c(7). Let l(v) = 6*v**2 + 3 - 8*v + 14*v**2 - n*v**2. What is the units digit of l(-8)?
3
Suppose -93*r + 108*r = 12420. What is the tens digit of r?
2
Suppose -7*m - 8 = -3*m. Let i be 2/3 + 4/(-6). What is the units digit of 0/m + (34 - i)?
4
Let p(v) = 7*v**2 - 3*v - 5. Let d be p(5). Suppose 25 + d = 3*c. Suppose -3*u = -u - c. What is the tens digit of u?
3
Let f = 197 - 123. Let d = 151 - f. What is the units digit of d?
7
Suppose -2*c = -0*c - 6. Suppose c*f - d = 37, -3*d + 6*d - 1 = f. What is the tens digit of (f/4)/((-1)/(-10))?
3
Suppose -187 = -9*w + 677. Let t = 162 - w. What is th